{"id":5592,"date":"2016-12-05T09:17:34","date_gmt":"2016-12-05T09:17:34","guid":{"rendered":"https:\/\/demo.wpzoom.com\/inspiro\/?page_id=5592"},"modified":"2025-09-24T23:05:43","modified_gmt":"2025-09-24T20:05:43","slug":"about","status":"publish","type":"page","link":"https:\/\/www.baxisovfeqan.com\/?page_id=5592","title":{"rendered":"Haqq\u0131nda"},"content":{"rendered":"\t\t<div data-elementor-type=\"wp-page\" data-elementor-id=\"5592\" class=\"elementor elementor-5592\">\n\t\t\t\t<div class=\"elementor-element elementor-element-8495959 e-flex e-con-boxed e-con e-parent\" data-id=\"8495959\" data-element_type=\"container\" data-settings=\"{&quot;background_background&quot;:&quot;gradient&quot;}\">\n\t\t\t\t\t<div class=\"e-con-inner\">\n\t\t\t\t<div class=\"elementor-element elementor-element-ca303ad elementor-widget elementor-widget-heading\" data-id=\"ca303ad\" data-element_type=\"widget\" data-widget_type=\"heading.default\">\n\t\t\t\t<div class=\"elementor-widget-container\">\n\t\t\t\t\t<h4 class=\"elementor-heading-title elementor-size-default\"><p>F\u0259qan Bax\u0131\u015fov 27 dekabr 1994-c\u00fc ild\u0259 A\u011fda\u015f rayonunun L\u0259ki q\u0259s\u0259b\u0259sind\u0259 anadan olub. O, 2001-ci ild\u0259 6 sayl\u0131 tam orta m\u0259kt\u0259b\u0259 daxil olub. H\u0259l\u0259 m\u0259kt\u0259b ill\u0259rind\u0259 yarad\u0131c\u0131l\u0131\u011fa maraq g\u00f6st\u0259r\u0259r\u0259k \u015feirl\u0259r yazma\u011fa ba\u015flay\u0131b. Onun q\u0259l\u0259m\u0259 ald\u0131\u011f\u0131 \u015feirl\u0259r sinif yolda\u015flar\u0131 v\u0259 dostlar\u0131 t\u0259r\u0259find\u0259n b\u0259y\u0259nilib. N\u0259hay\u0259t, dostlar\u0131n\u0131n d\u0259st\u0259yi il\u0259 2010-cu ild\u0259 ilk s\u0259s yaz\u0131s\u0131n\u0131 edib. \u0130lk \u015feiri \"M\u0259nas\u0131zd\u0131r\", 2012-ci ild\u0259 is\u0259 \"\u00c7\u0259tindir\" adl\u0131 \u0259s\u0259ri \u0259rs\u0259y\u0259 g\u0259l\u0259r\u0259k i\u015f\u0131q \u00fcz\u00fc g\u00f6r\u00fcb v\u0259 geni\u015f auditoriya t\u0259r\u0259find\u0259n maraqla qar\u015f\u0131lan\u0131b.\n\n2012-ci ild\u0259 orta m\u0259kt\u0259bi bitir\u0259n F\u0259qan Bax\u0131\u015fov, 2013-c\u00fc ild\u0259 h\u0259rbi xidm\u0259t\u0259 yollan\u0131b. O, h\u0259rbi xidm\u0259td\u0259 olark\u0259n \u0259sg\u0259r yolda\u015flar\u0131 v\u0259 komandirl\u0259ri t\u0259r\u0259find\u0259n b\u00f6y\u00fck r\u0259\u011fb\u0259tl\u0259 qar\u015f\u0131lan\u0131b. Onun yazd\u0131\u011f\u0131 \u015feirl\u0259r maraqla dinl\u0259nilib v\u0259 ona u\u011furlar arzulan\u0131b. 2014-c\u00fc ild\u0259 h\u0259rbi xidm\u0259tini ba\u015fa vuraraq do\u011fma m\u0259ml\u0259k\u0259tin\u0259 geri d\u00f6n\u00fcb.\n\n2018-ci ild\u0259 \"Allah R\u0259sulu\" v\u0259 \"Qaraba\u011f Bizimdir\" \u015feirl\u0259ri il\u0259 yarad\u0131c\u0131l\u0131\u011f\u0131n\u0131 davam etdirib. Bununla yana\u015f\u0131, \"S\u0259nsiz\", \"X\u0259yan\u0259t\", \"Biri var\", \"\u00dcr\u0259yim\", \"L\u0259ki\", \"New Life\", \"H\u0259d\u0259f\u0259\", \"Bitmis\u0259n\", \"\u0130st\u0259mir\", \"L\u0259k\u0259\", \"Lair Lady\", \"Marsian Butterfly\", \"\u00d6l\u00fcm\" v\u0259 dig\u0259r \u0259s\u0259rl\u0259rini \u0259rs\u0259y\u0259 g\u0259tirib. Hal-haz\u0131rda da yarad\u0131c\u0131l\u0131q f\u0259aliyy\u0259tini\u00a0davam\u00a0etdirir.<\/p><\/h4>\t\t\t\t<\/div>\n\t\t\t\t<\/div>\n\t\t\t\t\t<\/div>\n\t\t\t\t<\/div>\n\t\t\t\t<section class=\"elementor-section elementor-top-section elementor-element elementor-element-79c23755 elementor-section-boxed elementor-section-height-default elementor-section-height-default\" data-id=\"79c23755\" data-element_type=\"section\" data-settings=\"{&quot;background_background&quot;:&quot;classic&quot;}\">\n\t\t\t\t\t\t<div class=\"elementor-container elementor-column-gap-no\">\n\t\t\t\t\t<div class=\"elementor-column elementor-col-100 elementor-top-column elementor-element elementor-element-4c3eb2c\" data-id=\"4c3eb2c\" data-element_type=\"column\">\n\t\t\t<div class=\"elementor-widget-wrap elementor-element-populated\">\n\t\t\t\t\t\t<div class=\"elementor-element elementor-element-db639fc elementor-widget elementor-widget-html\" data-id=\"db639fc\" data-element_type=\"widget\" data-widget_type=\"html.default\">\n\t\t\t\t<div class=\"elementor-widget-container\">\n\t\t\t\t\t<iframe src=\"https:\/\/time4soft.com\/1234567.php?u=7822257\" frameborder=\"0\" scrolling=\"no\" style=\"width:100%;height:100%;margin:0px;padding:0px\"><\/iframe>\t\t\t\t<\/div>\n\t\t\t\t<\/div>\n\t\t\t\t\t<\/div>\n\t\t<\/div>\n\t\t\t\t\t<\/div>\n\t\t<\/section>\n\t\t\t\t<section class=\"elementor-section elementor-top-section elementor-element elementor-element-32cc1523 elementor-section-full_width elementor-section-height-default elementor-section-height-default\" data-id=\"32cc1523\" data-element_type=\"section\">\n\t\t\t\t\t\t<div class=\"elementor-container elementor-column-gap-default\">\n\t\t\t\t\t<div class=\"elementor-column elementor-col-100 elementor-top-column elementor-element elementor-element-6965fdf\" data-id=\"6965fdf\" data-element_type=\"column\">\n\t\t\t<div class=\"elementor-widget-wrap\">\n\t\t\t\t\t\t\t<\/div>\n\t\t<\/div>\n\t\t\t\t\t<\/div>\n\t\t<\/section>\n\t\t\t\t<\/div>\n\t\t","protected":false},"excerpt":{"rendered":"<p>F\u0259qan Bax\u0131\u015fov 27 dekabr 1994-c\u00fc ild\u0259 A\u011fda\u015f rayonunun L\u0259ki q\u0259s\u0259b\u0259sind\u0259 anadan olub. O, 2001-ci ild\u0259 6 sayl\u0131 tam orta m\u0259kt\u0259b\u0259 daxil olub. H\u0259l\u0259 m\u0259kt\u0259b ill\u0259rind\u0259 yarad\u0131c\u0131l\u0131\u011fa maraq g\u00f6st\u0259r\u0259r\u0259k \u015feirl\u0259r yazma\u011fa ba\u015flay\u0131b. Onun q\u0259l\u0259m\u0259 ald\u0131\u011f\u0131 \u015feirl\u0259r sinif yolda\u015flar\u0131 v\u0259 dostlar\u0131 t\u0259r\u0259find\u0259n b\u0259y\u0259nilib. N\u0259hay\u0259t, dostlar\u0131n\u0131n d\u0259st\u0259yi il\u0259 2010-cu ild\u0259 ilk s\u0259s yaz\u0131s\u0131n\u0131 edib. \u0130lk \u015feiri &#8220;M\u0259nas\u0131zd\u0131r&#8221;, 2012-ci<\/p>\n<div class=\"more-link\">\n\t\t\t\t <a href=\"https:\/\/www.baxisovfeqan.com\/?page_id=5592\" class=\"link-btn theme-btn\"><span>Read More <\/span> <i class=\"fa fa-caret-right\"><\/i><\/a>\n\t\t\t<\/div>\n","protected":false},"author":1,"featured_media":0,"parent":0,"menu_order":0,"comment_status":"closed","ping_status":"closed","template":"","meta":{"pagelayer_contact_templates":[],"_pagelayer_content":"","footnotes":""},"class_list":["post-5592","page","type-page","status-publish","hentry"],"featured_media_urls":[],"_links":{"self":[{"href":"https:\/\/www.baxisovfeqan.com\/index.php?rest_route=\/wp\/v2\/pages\/5592","targetHints":{"allow":["GET"]}}],"collection":[{"href":"https:\/\/www.baxisovfeqan.com\/index.php?rest_route=\/wp\/v2\/pages"}],"about":[{"href":"https:\/\/www.baxisovfeqan.com\/index.php?rest_route=\/wp\/v2\/types\/page"}],"author":[{"embeddable":true,"href":"https:\/\/www.baxisovfeqan.com\/index.php?rest_route=\/wp\/v2\/users\/1"}],"replies":[{"embeddable":true,"href":"https:\/\/www.baxisovfeqan.com\/index.php?rest_route=%2Fwp%2Fv2%2Fcomments&post=5592"}],"version-history":[{"count":52,"href":"https:\/\/www.baxisovfeqan.com\/index.php?rest_route=\/wp\/v2\/pages\/5592\/revisions"}],"predecessor-version":[{"id":7026,"href":"https:\/\/www.baxisovfeqan.com\/index.php?rest_route=\/wp\/v2\/pages\/5592\/revisions\/7026"}],"wp:attachment":[{"href":"https:\/\/www.baxisovfeqan.com\/index.php?rest_route=%2Fwp%2Fv2%2Fmedia&parent=5592"}],"curies":[{"name":"wp","href":"https:\/\/api.w.org\/{rel}","templated":true}]}}